{"id":1218,"date":"2018-11-21T09:56:14","date_gmt":"2018-11-21T09:56:14","guid":{"rendered":"http:\/\/www.bseinzelh.musin.de\/mitte\/?page_id=1218"},"modified":"2020-06-26T08:22:33","modified_gmt":"2020-06-26T08:22:33","slug":"newsletter-2","status":"publish","type":"page","link":"https:\/\/bseinzelh.musin.de\/mitte\/newsletter-2\/","title":{"rendered":"Newsletter-Registrierung"},"content":{"rendered":"<p>Wenn Sie sich f\u00fcr unseren Newsletter registrieren lassen m\u00f6chten, kontaktieren Sie bitte das <a href=\"https:\/\/bseinzelh.musin.de\/mitte\/sektretariat\/\">Sekretariat<\/a>.<\/p>\n<p>Gerne k\u00f6nnen Sie uns aber auch auf dem Ausbildersprechtag diesbez\u00fcglich ansprechen.<\/p>\n","protected":false},"excerpt":{"rendered":"<p>Wenn Sie sich f\u00fcr unseren Newsletter registrieren lassen m\u00f6chten, kontaktieren Sie bitte das Sekretariat. Gerne k\u00f6nnen Sie uns aber auch auf dem Ausbildersprechtag diesbez\u00fcglich ansprechen.<\/p>\n","protected":false},"author":2,"featured_media":0,"parent":0,"menu_order":0,"comment_status":"closed","ping_status":"closed","template":"","meta":{"ngg_post_thumbnail":0},"_links":{"self":[{"href":"https:\/\/bseinzelh.musin.de\/mitte\/wp-json\/wp\/v2\/pages\/1218"}],"collection":[{"href":"https:\/\/bseinzelh.musin.de\/mitte\/wp-json\/wp\/v2\/pages"}],"about":[{"href":"https:\/\/bseinzelh.musin.de\/mitte\/wp-json\/wp\/v2\/types\/page"}],"author":[{"embeddable":true,"href":"https:\/\/bseinzelh.musin.de\/mitte\/wp-json\/wp\/v2\/users\/2"}],"replies":[{"embeddable":true,"href":"https:\/\/bseinzelh.musin.de\/mitte\/wp-json\/wp\/v2\/comments?post=1218"}],"version-history":[{"count":7,"href":"https:\/\/bseinzelh.musin.de\/mitte\/wp-json\/wp\/v2\/pages\/1218\/revisions"}],"predecessor-version":[{"id":65220,"href":"https:\/\/bseinzelh.musin.de\/mitte\/wp-json\/wp\/v2\/pages\/1218\/revisions\/65220"}],"wp:attachment":[{"href":"https:\/\/bseinzelh.musin.de\/mitte\/wp-json\/wp\/v2\/media?parent=1218"}],"curies":[{"name":"wp","href":"https:\/\/api.w.org\/{rel}","templated":true}]}}