{"id":123,"date":"2018-04-26T11:34:41","date_gmt":"2018-04-26T11:34:41","guid":{"rendered":"http:\/\/www.bseinzelh.musin.de\/mitte\/?page_id=123"},"modified":"2025-05-27T11:23:35","modified_gmt":"2025-05-27T11:23:35","slug":"sektretariat","status":"publish","type":"page","link":"https:\/\/bseinzelh.musin.de\/mitte\/sektretariat\/","title":{"rendered":"Sekretariat"},"content":{"rendered":"<p><img decoding=\"async\" loading=\"lazy\" class=\"alignnone wp-image-200\" src=\"http:\/\/www.bseinzelh.musin.de\/mitte\/wp-content\/uploads\/2018\/04\/white-background-3076954_1920-300x200.jpg\" alt=\"\" width=\"525\" height=\"350\" srcset=\"https:\/\/bseinzelh.musin.de\/mitte\/wp-content\/uploads\/2018\/04\/white-background-3076954_1920-300x200.jpg 300w, https:\/\/bseinzelh.musin.de\/mitte\/wp-content\/uploads\/2018\/04\/white-background-3076954_1920-768x511.jpg 768w, https:\/\/bseinzelh.musin.de\/mitte\/wp-content\/uploads\/2018\/04\/white-background-3076954_1920-1024x682.jpg 1024w, https:\/\/bseinzelh.musin.de\/mitte\/wp-content\/uploads\/2018\/04\/white-background-3076954_1920.jpg 1920w\" sizes=\"(max-width: 525px) 100vw, 525px\" \/><\/p>\n<p><strong>Zimmer 3.31<\/strong><\/p>\n<p><strong>Sekretariatsleitung:&nbsp;<\/strong>Frau Pinar Peker<\/p>\n<p><strong>Sekret\u00e4rinnen: <\/strong>Frau Kaya, Frau Knobbe &amp; Frau S\u00f6mnez<\/p>\n<p>Wir sind f\u00fcr Sie zu folgenden Zeiten erreichbar:<\/p>\n<p>Mo&nbsp;&nbsp;&nbsp;&nbsp;&nbsp;&nbsp; 8.00 Uhr \u2013 15.00 Uhr<\/p>\n<p>Di&nbsp; &nbsp; &nbsp; &nbsp; &nbsp;8.00 Uhr \u2013 15.00 Uhr<\/p>\n<p>Mi&nbsp;&nbsp;&nbsp;&nbsp;&nbsp;&nbsp;&nbsp; 8.00 Uhr \u2013 15.00 Uhr<\/p>\n<p>Do&nbsp;&nbsp;&nbsp;&nbsp;&nbsp;&nbsp; 8.00 Uhr \u2013 15.00 Uhr<\/p>\n<p>Fr&nbsp; &nbsp; &nbsp; &nbsp; &nbsp;8.00 Uhr \u2013 12.00 Uhr<\/p>\n<p><strong>Telefon<\/strong>: 089 233 &#8211; 32553<br \/>\n<strong>Fax<\/strong>: 089 233 &#8211; 32575<\/p>\n<p><strong>Mail<\/strong>: <a href=\"mailto:bs-einzelhandel-mitte@muenchen.de\">bs-einzelhandel-mitte@muenchen.de<\/a><\/p>\n","protected":false},"excerpt":{"rendered":"<p>Zimmer 3.31 Sekretariatsleitung:&nbsp;Frau Pinar Peker Sekret\u00e4rinnen: Frau Kaya, Frau Knobbe &amp; Frau S\u00f6mnez Wir sind f\u00fcr Sie zu folgenden Zeiten erreichbar: Mo&nbsp;&nbsp;&nbsp;&nbsp;&nbsp;&nbsp; 8.00 Uhr \u2013 15.00 Uhr Di&nbsp; &nbsp; &nbsp; &nbsp; &nbsp;8.00 Uhr \u2013 15.00 Uhr Mi&nbsp;&nbsp;&nbsp;&nbsp;&nbsp;&nbsp;&nbsp; 8.00 Uhr \u2013 15.00 Uhr Do&nbsp;&nbsp;&nbsp;&nbsp;&nbsp;&nbsp; 8.00 Uhr \u2013 15.00 Uhr Fr&nbsp; &nbsp; &nbsp; &nbsp; &nbsp;8.00 Uhr \u2013 &hellip; <\/p>\n<p class=\"link-more\"><a href=\"https:\/\/bseinzelh.musin.de\/mitte\/sektretariat\/\" class=\"more-link\"><span class=\"screen-reader-text\">\u201eSekretariat\u201c <\/span>weiterlesen<\/a><\/p>\n","protected":false},"author":1,"featured_media":0,"parent":0,"menu_order":0,"comment_status":"closed","ping_status":"closed","template":"","meta":{"ngg_post_thumbnail":0},"_links":{"self":[{"href":"https:\/\/bseinzelh.musin.de\/mitte\/wp-json\/wp\/v2\/pages\/123"}],"collection":[{"href":"https:\/\/bseinzelh.musin.de\/mitte\/wp-json\/wp\/v2\/pages"}],"about":[{"href":"https:\/\/bseinzelh.musin.de\/mitte\/wp-json\/wp\/v2\/types\/page"}],"author":[{"embeddable":true,"href":"https:\/\/bseinzelh.musin.de\/mitte\/wp-json\/wp\/v2\/users\/1"}],"replies":[{"embeddable":true,"href":"https:\/\/bseinzelh.musin.de\/mitte\/wp-json\/wp\/v2\/comments?post=123"}],"version-history":[{"count":22,"href":"https:\/\/bseinzelh.musin.de\/mitte\/wp-json\/wp\/v2\/pages\/123\/revisions"}],"predecessor-version":[{"id":380957,"href":"https:\/\/bseinzelh.musin.de\/mitte\/wp-json\/wp\/v2\/pages\/123\/revisions\/380957"}],"wp:attachment":[{"href":"https:\/\/bseinzelh.musin.de\/mitte\/wp-json\/wp\/v2\/media?parent=123"}],"curies":[{"name":"wp","href":"https:\/\/api.w.org\/{rel}","templated":true}]}}