{"id":278,"date":"2018-04-30T17:44:59","date_gmt":"2018-04-30T17:44:59","guid":{"rendered":"http:\/\/www.bseinzelh.musin.de\/mitte\/?page_id=278"},"modified":"2025-05-27T12:34:58","modified_gmt":"2025-05-27T12:34:58","slug":"beratungslehrkraft","status":"publish","type":"page","link":"https:\/\/bseinzelh.musin.de\/mitte\/beratungslehrkraft\/","title":{"rendered":"Beratungslehrkraft"},"content":{"rendered":"<p><strong>&nbsp;<\/strong><\/p>\n<p><img decoding=\"async\" class=\"aligncenter\" src=\"https:\/\/bseinzelh.musin.de\/mitte\/wp-content\/uploads\/2018\/04\/galle-e1525116583803.jpg\" alt=\"Dieses Bild hat ein leeres Alt-Attribut. Der Dateiname ist galle-e1525116583803.jpg\"><\/p>\n<p style=\"text-align: center;\"><strong>Frau Galle<\/strong><\/p>\n<p><strong>Zimmer: 3.57<\/strong><\/p>\n<p>Die Beratungslehrerin der Schule steht Ihnen gerne zur Verf\u00fcgung, wenn Sie einmal in die Lage kommen sollten, dass Sie Beratung und Hilfe brauchen.<\/p>\n<p><strong>Die Beratungslehrkr\u00e4fte sind f\u00fcr ihre Aufgaben besonders ausgebildet!<\/strong><\/p>\n<p><strong>Wenden Sie sich an uns, wenn:<\/strong><\/p>\n<ul>\n<li>Sie Fragen zur Ausbildung und zum Unterricht haben<\/li>\n<li>Sie sich f\u00fcr eine Weiterbildung im gew\u00e4hlten Beruf oder<\/li>\n<li>f\u00fcr einen h\u00f6heren Schulabschluss interessieren oder<\/li>\n<li>Sie Schwierigkeiten in der Schule, im Betrieb oder Probleme in Ihrem pers\u00f6nlichen Lebensbereich haben.<\/li>\n<\/ul>\n<p><strong>Sprechzeiten:<\/strong><br \/>\nSie erreichen Frau Galle pers\u00f6nlich oder per E-Mail (<a href=\"mailto:sabine.galle@bs-ehm.muenchen.musin.de\">sabine.galle@bs-ehm.muenchen.musin.de<\/a>). Beratung nach Vereinbarung von Montag bis Donnerstag im Raum 3.57. F\u00e4llt die Sprechzeit in die Unterrichtszeit, so bitten Sie Ihre Lehrkraft um eine kurzzeitige Unterrichtsbefreiung.<\/p>\n<p>Nutzen Sie auch die Beratungsstellen, die weiter unten aufgef\u00fchrt sind:<\/p>\n<p><a href=\"https:\/\/bseinzelh.musin.de\/mitte\/wp-content\/uploads\/2019\/03\/Info-Weiterbildung-11-12.pdf\"><strong>Wichtige Informationen zur Weiterbildung (PDF)<\/strong><\/a><\/p>\n<p><strong>Weitere Ansprechpartner:<\/strong><\/p>\n<ul>\n<li>Ausbildungsberater der Kammern<\/li>\n<li><a href=\"http:\/\/www.bseinzelh.musin.de\/05ausbildung\/ausbildung.html#probleme\">Ausbildungsbegleitende Hilfen<\/a><\/li>\n<li>\u00dcSA-Beratungsstelle (siehe unten)<\/li>\n<\/ul>\n<p>Sie k\u00f6nnen sich auch jederzeit an die Mitglieder des Sozialforums der St\u00e4dtischen Berufsschule f\u00fcr den Einzelhandel Mitte wenden.<\/p>\n<p><strong>Beratungseinrichtungen<\/strong><\/p>\n<ul>\n<li>Schul- und Bildungsberatung (st\u00e4dtisch)\n<ul>\n<li>Schul- und Weiterbildungsberatung<\/li>\n<li>Schulpsychologischer Dienst<\/li>\n<li>Schul- und Bildungsberstung International &#8211; Beratung f\u00fcr Migrantinnen und Migranten sowie Deutsche, die aus dem Ausland zur\u00fcckkehren, in allen Schul- und Bildungsfragen und f\u00fcr alle Schularten<\/li>\n<\/ul>\n<\/li>\n<\/ul>\n<p><strong>Verschiedenes<\/strong><\/p>\n<ul>\n<li><a href=\"http:\/\/www.stmukwk.bayern.de\/\">Bayerisches Staatsministerium f\u00fcr Unterricht und Kultus<\/a><\/li>\n<\/ul>\n<p><strong>Schul\u00e4rztin<\/strong><\/p>\n<p>Frau Dr. Thieme<br \/>\nSprechstunden Mittwoch: <strong>13:30 Uhr &#8211; 15:00 Uhr<\/strong><br \/>\nImplerstra\u00dfe 35<br \/>\nEG Zimmer 16<br \/>\nTelefon: 089 2 33-2 81 33<\/p>\n<p><strong>\u00dcSA-Beratungsstelle<\/strong><\/p>\n<ul>\n<li>Beratungsstelle \u00dcSA (Information, Beratung, Hilfen w\u00e4hrend der Ausbildung; Unterst\u00fctzung bei Bu\u00dfgeldverfahren)<br \/>\n<strong><br \/>\n<\/strong>Orleansstr. 34<br \/>\n81667 M\u00fcnchen<br \/>\nTelefon: 089 48006-6834<br \/>\nFax: 089 48006-6838<br \/>\nMail: <a href=\"mailto:uesa-beratung@mvhs.de\">uesa-beratung@mvhs.de<\/a><\/li>\n<\/ul>\n","protected":false},"excerpt":{"rendered":"<p>&nbsp; Frau Galle Zimmer: 3.57 Die Beratungslehrerin der Schule steht Ihnen gerne zur Verf\u00fcgung, wenn Sie einmal in die Lage kommen sollten, dass Sie Beratung und Hilfe brauchen. Die Beratungslehrkr\u00e4fte sind f\u00fcr ihre Aufgaben besonders ausgebildet! Wenden Sie sich an uns, wenn: Sie Fragen zur Ausbildung und zum Unterricht haben Sie sich f\u00fcr eine Weiterbildung &hellip; <\/p>\n<p class=\"link-more\"><a href=\"https:\/\/bseinzelh.musin.de\/mitte\/beratungslehrkraft\/\" class=\"more-link\"><span class=\"screen-reader-text\">\u201eBeratungslehrkraft\u201c <\/span>weiterlesen<\/a><\/p>\n","protected":false},"author":1,"featured_media":0,"parent":0,"menu_order":0,"comment_status":"closed","ping_status":"closed","template":"","meta":{"ngg_post_thumbnail":0},"_links":{"self":[{"href":"https:\/\/bseinzelh.musin.de\/mitte\/wp-json\/wp\/v2\/pages\/278"}],"collection":[{"href":"https:\/\/bseinzelh.musin.de\/mitte\/wp-json\/wp\/v2\/pages"}],"about":[{"href":"https:\/\/bseinzelh.musin.de\/mitte\/wp-json\/wp\/v2\/types\/page"}],"author":[{"embeddable":true,"href":"https:\/\/bseinzelh.musin.de\/mitte\/wp-json\/wp\/v2\/users\/1"}],"replies":[{"embeddable":true,"href":"https:\/\/bseinzelh.musin.de\/mitte\/wp-json\/wp\/v2\/comments?post=278"}],"version-history":[{"count":19,"href":"https:\/\/bseinzelh.musin.de\/mitte\/wp-json\/wp\/v2\/pages\/278\/revisions"}],"predecessor-version":[{"id":380976,"href":"https:\/\/bseinzelh.musin.de\/mitte\/wp-json\/wp\/v2\/pages\/278\/revisions\/380976"}],"wp:attachment":[{"href":"https:\/\/bseinzelh.musin.de\/mitte\/wp-json\/wp\/v2\/media?parent=278"}],"curies":[{"name":"wp","href":"https:\/\/api.w.org\/{rel}","templated":true}]}}