{"id":280,"date":"2018-04-30T17:44:59","date_gmt":"2018-04-30T17:44:59","guid":{"rendered":"http:\/\/www.bseinzelh.musin.de\/mitte\/?page_id=280"},"modified":"2024-05-06T07:14:32","modified_gmt":"2024-05-06T07:14:32","slug":"schulsozialarbeit","status":"publish","type":"page","link":"https:\/\/bseinzelh.musin.de\/mitte\/schulsozialarbeit\/","title":{"rendered":"Schulsozialarbeit"},"content":{"rendered":"\n<figure class=\"wp-block-image size-large is-resized\"><img decoding=\"async\" loading=\"lazy\" src=\"https:\/\/bseinzelh.musin.de\/mitte\/wp-content\/uploads\/2021\/08\/Foto_Aushaenge_Nicole-994x1024.jpg\" alt=\"\" class=\"wp-image-130271\" width=\"248\" height=\"255\" srcset=\"https:\/\/bseinzelh.musin.de\/mitte\/wp-content\/uploads\/2021\/08\/Foto_Aushaenge_Nicole-994x1024.jpg 994w, https:\/\/bseinzelh.musin.de\/mitte\/wp-content\/uploads\/2021\/08\/Foto_Aushaenge_Nicole-291x300.jpg 291w, https:\/\/bseinzelh.musin.de\/mitte\/wp-content\/uploads\/2021\/08\/Foto_Aushaenge_Nicole-768x791.jpg 768w, https:\/\/bseinzelh.musin.de\/mitte\/wp-content\/uploads\/2021\/08\/Foto_Aushaenge_Nicole-1491x1536.jpg 1491w, https:\/\/bseinzelh.musin.de\/mitte\/wp-content\/uploads\/2021\/08\/Foto_Aushaenge_Nicole-1989x2048.jpg 1989w\" sizes=\"(max-width: 248px) 100vw, 248px\" \/><\/figure>\n\n\n\n<p><strong>Frau Nicole Geiger<\/strong><\/p>\n\n\n\n<p>ETC<br><strong>Zimmer 3.34<\/strong><br><strong>Telefon:<\/strong> 089 233-32582<br><strong>Mail:<\/strong> <a href=\"https:\/\/webmail.musin.de\/imp\/dynamic.php?page=mailbox#\">n.geiger@etc-muenchen.de<\/a><\/p>\n\n\n\n<p><strong>Sprechzeiten:<\/strong><\/p>\n\n\n\n<p>Montag bis Donnerstag:<strong> 07:00 \u2013 16:00 Uhr<br><\/strong>Freitag:&nbsp;&nbsp;&nbsp;&nbsp;&nbsp;&nbsp;&nbsp;&nbsp;&nbsp;&nbsp;&nbsp;&nbsp;&nbsp;&nbsp;&nbsp;&nbsp;&nbsp;&nbsp;&nbsp;&nbsp;&nbsp;&nbsp;&nbsp;&nbsp;&nbsp;&nbsp;&nbsp;&nbsp;&nbsp;&nbsp;&nbsp;&nbsp;&nbsp;&nbsp;&nbsp;&nbsp; <strong>07:00 \u2013 11:00 Uhr<\/strong><br>(Sowie nach Vereinbarung!)<\/p>\n\n\n\n<p class=\"has-text-align-right\"> <\/p>\n\n\n\n<figure class=\"wp-block-image size-full is-resized\"><img decoding=\"async\" loading=\"lazy\" src=\"https:\/\/bseinzelh.musin.de\/mitte\/wp-content\/uploads\/2018\/07\/Torsten-Gro\u00dfkla\u00df.jpg\" alt=\"\" class=\"wp-image-808\" width=\"228\" height=\"228\" srcset=\"https:\/\/bseinzelh.musin.de\/mitte\/wp-content\/uploads\/2018\/07\/Torsten-Gro\u00dfkla\u00df.jpg 400w, https:\/\/bseinzelh.musin.de\/mitte\/wp-content\/uploads\/2018\/07\/Torsten-Gro\u00dfkla\u00df-150x150.jpg 150w, https:\/\/bseinzelh.musin.de\/mitte\/wp-content\/uploads\/2018\/07\/Torsten-Gro\u00dfkla\u00df-300x300.jpg 300w, https:\/\/bseinzelh.musin.de\/mitte\/wp-content\/uploads\/2018\/07\/Torsten-Gro\u00dfkla\u00df-100x100.jpg 100w\" sizes=\"(max-width: 228px) 100vw, 228px\" \/><\/figure>\n\n\n\n<p><strong>Herr Torsten Gro\u00dfkla\u00df<\/strong><\/p>\n\n\n\n<p>ETC<br><strong>Zimmer 3.36<\/strong><br><strong>Telefon:<\/strong> 089 233-32521<br><strong>Mail:<\/strong> <a href=\"https:\/\/webmail.musin.de\/imp\/dynamic.php?page=mailbox#\">t.grossklass@etc-muenchen.de<\/a><\/p>\n\n\n\n<p><strong>Sprechzeiten:<\/strong><\/p>\n\n\n\n<p>Montag bis Donnerstag: <strong>09:00 &#8211; 16:00 Uhr<\/strong><br>Freitag:&nbsp;&nbsp;&nbsp;&nbsp;&nbsp;&nbsp;&nbsp;&nbsp;&nbsp;&nbsp;&nbsp;&nbsp;&nbsp;&nbsp;&nbsp;&nbsp;&nbsp;&nbsp;&nbsp;&nbsp;&nbsp;&nbsp;&nbsp;&nbsp;&nbsp;&nbsp;&nbsp;&nbsp;&nbsp;&nbsp;&nbsp;&nbsp;&nbsp;&nbsp;&nbsp;&nbsp;  <strong>08:30 &#8211; 12:00 Uhr<\/strong><br>(Sowie nach Vereinbarung!)<\/p>\n\n\n\n<p class=\"has-text-align-left\">Schulsozialarbeit ist ein freiwilliges Angebot der Jugendhilfe. Alle Informationen werden auf Wunsch vertraulich behandelt.<\/p>\n\n\n<h1><strong>Unsere Angebote an Sie:<\/strong><\/h1>\n<p>Beratung, Hilfe und Unterst\u00fctzung f\u00fcr Sch\u00fclerinnen und Sch\u00fcler mit schulischen, beruflichen, wirtschaftlichen und pers\u00f6nlichen Problemen der folgenden Art:<\/p>\n<h2><strong>Bei Problemen in der Schule oder Ausbildung:<\/strong><\/h2>\n<ul>\n<li>Beratung bei Lernschwierigkeiten (Vermittlung zu abH)<\/li>\n<li>Konflikte und Mobbing zwischen Sch\u00fclerInnen (Mediation)<\/li>\n<li>Beratung bei Konflikten mit LehrerInnen, AusbilderInnen und Vorgesetzten<\/li>\n<li>Beratung bei K\u00fcndigungen und Fehlzeiten<\/li>\n<li>Beratung bei sexueller Bel\u00e4stigung<\/li>\n<\/ul>\n<h2><strong>Im pers\u00f6nlichen Bereich:<\/strong><\/h2>\n<ul>\n<li>Schwangerschaft<\/li>\n<li>Wohnungsnot<\/li>\n<li>Sucht<\/li>\n<li>Probleme mit den Eltern<\/li>\n<li>finanzielle Probleme (Alg II, Schulden)<\/li>\n<li>Coming out<\/li>\n<li>Beziehungsprobleme und vieles mehr<\/li>\n<\/ul>\n<h2><strong>Vermittlung:<\/strong><\/h2>\n<ul>\n<li>Bei Bedarf Vermittlung an Beh\u00f6rden, Institutionen, Beratungsstellen innerhalb und au\u00dferhalb der Schule.<\/li>\n<\/ul>\n<h2><strong>Einzelfallhilfe:<\/strong><\/h2>\n<ul>\n<li>Begleitung \u00fcber einen bestimmten Zeitraum bei gravierenden Problemen der Sch\u00fclerInnen<\/li>\n<\/ul>\n<h2><strong>Klassenbezogene Angebote:<\/strong><\/h2>\n<ul>\n<li>Vermittlung von Referenten zu klassenbezogenen Projekten mit pr\u00e4ventiven Arbeitsans\u00e4tzen zu Themen wie Rechtsextremismus und Antisemitismus, Sucht, Sexualit\u00e4t, Pr\u00fcfungsangst etc.<\/li>\n<li>in allen zehnten Klassen findet zu Beginn des Schuljahres ein Teamtraining zum gegenseitigen Kennenlernen statt<\/li>\n<li>nur in Einzelf\u00e4llen:\n<ul>\n<li>Projekttage in Klassen \u2013 Erarbeitung einer Klassenvereinbarung<\/li>\n<li>Projekttage in Klassen \u2013 Konflikttraining im Klassenverband zur Verbesserung des Klassenklimas und F\u00f6rderung der Klassengemeinschaft<\/li>\n<\/ul>\n<\/li>\n<\/ul>","protected":false},"excerpt":{"rendered":"<p>Frau Nicole Geiger ETCZimmer 3.34Telefon: 089 233-32582Mail: n.geiger@etc-muenchen.de Sprechzeiten: Montag bis Donnerstag: 07:00 \u2013 16:00 UhrFreitag:&nbsp;&nbsp;&nbsp;&nbsp;&nbsp;&nbsp;&nbsp;&nbsp;&nbsp;&nbsp;&nbsp;&nbsp;&nbsp;&nbsp;&nbsp;&nbsp;&nbsp;&nbsp;&nbsp;&nbsp;&nbsp;&nbsp;&nbsp;&nbsp;&nbsp;&nbsp;&nbsp;&nbsp;&nbsp;&nbsp;&nbsp;&nbsp;&nbsp;&nbsp;&nbsp;&nbsp; 07:00 \u2013 11:00 Uhr(Sowie nach Vereinbarung!) Herr Torsten Gro\u00dfkla\u00df ETCZimmer 3.36Telefon: 089 233-32521Mail: t.grossklass@etc-muenchen.de Sprechzeiten: Montag bis Donnerstag: 09:00 &#8211; 16:00 UhrFreitag:&nbsp;&nbsp;&nbsp;&nbsp;&nbsp;&nbsp;&nbsp;&nbsp;&nbsp;&nbsp;&nbsp;&nbsp;&nbsp;&nbsp;&nbsp;&nbsp;&nbsp;&nbsp;&nbsp;&nbsp;&nbsp;&nbsp;&nbsp;&nbsp;&nbsp;&nbsp;&nbsp;&nbsp;&nbsp;&nbsp;&nbsp;&nbsp;&nbsp;&nbsp;&nbsp;&nbsp; 08:30 &#8211; 12:00 Uhr(Sowie nach Vereinbarung!) Schulsozialarbeit ist ein freiwilliges Angebot der Jugendhilfe. Alle Informationen werden auf &hellip; <\/p>\n<p class=\"link-more\"><a href=\"https:\/\/bseinzelh.musin.de\/mitte\/schulsozialarbeit\/\" class=\"more-link\"><span class=\"screen-reader-text\">\u201eSchulsozialarbeit\u201c <\/span>weiterlesen<\/a><\/p>\n","protected":false},"author":1,"featured_media":0,"parent":0,"menu_order":0,"comment_status":"closed","ping_status":"closed","template":"","meta":{"ngg_post_thumbnail":0},"_links":{"self":[{"href":"https:\/\/bseinzelh.musin.de\/mitte\/wp-json\/wp\/v2\/pages\/280"}],"collection":[{"href":"https:\/\/bseinzelh.musin.de\/mitte\/wp-json\/wp\/v2\/pages"}],"about":[{"href":"https:\/\/bseinzelh.musin.de\/mitte\/wp-json\/wp\/v2\/types\/page"}],"author":[{"embeddable":true,"href":"https:\/\/bseinzelh.musin.de\/mitte\/wp-json\/wp\/v2\/users\/1"}],"replies":[{"embeddable":true,"href":"https:\/\/bseinzelh.musin.de\/mitte\/wp-json\/wp\/v2\/comments?post=280"}],"version-history":[{"count":5,"href":"https:\/\/bseinzelh.musin.de\/mitte\/wp-json\/wp\/v2\/pages\/280\/revisions"}],"predecessor-version":[{"id":311138,"href":"https:\/\/bseinzelh.musin.de\/mitte\/wp-json\/wp\/v2\/pages\/280\/revisions\/311138"}],"wp:attachment":[{"href":"https:\/\/bseinzelh.musin.de\/mitte\/wp-json\/wp\/v2\/media?parent=280"}],"curies":[{"name":"wp","href":"https:\/\/api.w.org\/{rel}","templated":true}]}}