{"id":283,"date":"2018-04-30T17:44:59","date_gmt":"2018-04-30T17:44:59","guid":{"rendered":"http:\/\/www.bseinzelh.musin.de\/mitte\/?page_id=283"},"modified":"2024-07-22T07:55:00","modified_gmt":"2024-07-22T07:55:00","slug":"maedchenbeauftragte","status":"publish","type":"page","link":"https:\/\/bseinzelh.musin.de\/mitte\/maedchenbeauftragte\/","title":{"rendered":"M\u00e4dchenbeauftragten"},"content":{"rendered":"<p align=\"left\"><img decoding=\"async\" loading=\"lazy\" class=\"wp-image-329843  aligncenter\" src=\"https:\/\/bseinzelh.musin.de\/mitte\/wp-content\/uploads\/2024\/07\/nikoprob.jpg\" alt=\"\" width=\"355\" height=\"222\" srcset=\"https:\/\/bseinzelh.musin.de\/mitte\/wp-content\/uploads\/2024\/07\/nikoprob.jpg 1015w, https:\/\/bseinzelh.musin.de\/mitte\/wp-content\/uploads\/2024\/07\/nikoprob-300x187.jpg 300w, https:\/\/bseinzelh.musin.de\/mitte\/wp-content\/uploads\/2024\/07\/nikoprob-768x480.jpg 768w\" sizes=\"(max-width: 355px) 100vw, 355px\" \/><\/p>\n<p style=\"text-align: center;\" align=\"left\"><strong>Frau Nikolajek &amp; Frau Probst<br \/>\n<\/strong><\/p>\n<p align=\"left\">&nbsp;<\/p>\n<p align=\"left\"><strong>M\u00e4dchenf\u00f6rderung ist ein Leitziel der Stadtschulr\u00e4tin.<\/strong><\/p>\n<p align=\"left\">Die M\u00e4dchenbeauftragte nimmt sich gezielt den Belangen der M\u00e4dchen an.<\/p>\n<ul>\n<li>\n<p align=\"left\">Sie ist <b>Ansprechpartnerin<\/b> f\u00fcr Sch\u00fclerinnen in F\u00e4llen von Diskriminierung, Gewalt, sexueller Gewalt und pers\u00f6nlichen Krisen (Schulsozialarbeit).<\/p>\n<ul>\n<li>\n<p align=\"left\">Angebot von Selbstbehauptungskursen<\/p>\n<\/li>\n<li>\n<p align=\"left\">Kontakte zu Beratungseinrichtungen<\/p>\n<\/li>\n<li>\n<p align=\"left\">Initiierung von Ma\u00dfnahmen zur Gewaltpr\u00e4vention<\/p>\n<\/li>\n<\/ul>\n<\/li>\n<li>\n<p align=\"left\">Sie bietet <b>Orientierung<\/b> f\u00fcr die Entwicklung weiblicher Lebenskonzepte &#8211; Beruf und Familie<\/p>\n<ul>\n<li>\n<p align=\"left\">Seminare zur Lebensplanung<\/p>\n<\/li>\n<li>\n<p align=\"left\">Austausch mit erfolgreichen Frauen im Einzelhandel<\/p>\n<\/li>\n<\/ul>\n<\/li>\n<li>\n<p align=\"left\">Sie unterst\u00fctzt das Entstehen einer <b>selbstbewussten Weiblichkeit<\/b>. Dazu ermutigt sie die Sch\u00fclerinnen, ihre Potenziale und F\u00e4higkeiten zu entwickeln und er\u00f6ffnet Perspektiven zur gleichberechtigten Gestaltung der Gesellschaft.<\/p>\n<\/li>\n<\/ul>\n","protected":false},"excerpt":{"rendered":"<p>Frau Nikolajek &amp; Frau Probst &nbsp; M\u00e4dchenf\u00f6rderung ist ein Leitziel der Stadtschulr\u00e4tin. Die M\u00e4dchenbeauftragte nimmt sich gezielt den Belangen der M\u00e4dchen an. Sie ist Ansprechpartnerin f\u00fcr Sch\u00fclerinnen in F\u00e4llen von Diskriminierung, Gewalt, sexueller Gewalt und pers\u00f6nlichen Krisen (Schulsozialarbeit). Angebot von Selbstbehauptungskursen Kontakte zu Beratungseinrichtungen Initiierung von Ma\u00dfnahmen zur Gewaltpr\u00e4vention Sie bietet Orientierung f\u00fcr die Entwicklung &hellip; <\/p>\n<p class=\"link-more\"><a href=\"https:\/\/bseinzelh.musin.de\/mitte\/maedchenbeauftragte\/\" class=\"more-link\"><span class=\"screen-reader-text\">\u201eM\u00e4dchenbeauftragten\u201c <\/span>weiterlesen<\/a><\/p>\n","protected":false},"author":1,"featured_media":0,"parent":0,"menu_order":0,"comment_status":"closed","ping_status":"closed","template":"","meta":{"ngg_post_thumbnail":0},"_links":{"self":[{"href":"https:\/\/bseinzelh.musin.de\/mitte\/wp-json\/wp\/v2\/pages\/283"}],"collection":[{"href":"https:\/\/bseinzelh.musin.de\/mitte\/wp-json\/wp\/v2\/pages"}],"about":[{"href":"https:\/\/bseinzelh.musin.de\/mitte\/wp-json\/wp\/v2\/types\/page"}],"author":[{"embeddable":true,"href":"https:\/\/bseinzelh.musin.de\/mitte\/wp-json\/wp\/v2\/users\/1"}],"replies":[{"embeddable":true,"href":"https:\/\/bseinzelh.musin.de\/mitte\/wp-json\/wp\/v2\/comments?post=283"}],"version-history":[{"count":5,"href":"https:\/\/bseinzelh.musin.de\/mitte\/wp-json\/wp\/v2\/pages\/283\/revisions"}],"predecessor-version":[{"id":329845,"href":"https:\/\/bseinzelh.musin.de\/mitte\/wp-json\/wp\/v2\/pages\/283\/revisions\/329845"}],"wp:attachment":[{"href":"https:\/\/bseinzelh.musin.de\/mitte\/wp-json\/wp\/v2\/media?parent=283"}],"curies":[{"name":"wp","href":"https:\/\/api.w.org\/{rel}","templated":true}]}}