{"id":82127,"date":"2020-10-05T12:54:02","date_gmt":"2020-10-05T12:54:02","guid":{"rendered":"https:\/\/bseinzelh.musin.de\/mitte\/?page_id=82127"},"modified":"2020-10-05T13:00:23","modified_gmt":"2020-10-05T13:00:23","slug":"pruefungstrainer-2","status":"publish","type":"page","link":"https:\/\/bseinzelh.musin.de\/mitte\/pruefungstrainer-2\/","title":{"rendered":"Pr\u00fcfungstrainer"},"content":{"rendered":"\n<p>Liebe Sch\u00fclerinnen, liebe Sch\u00fcler, <\/p>\n\n\n\n<p>damit Sie bestm\u00f6glich auf die Abschlusspr\u00fcfungen vorbereitet sind haben Sie die M\u00f6glichkeit, unseren Pr\u00fcfungstrainer zu nutzen. <\/p>\n\n\n\n<p>Scannen Sie einfach den nachfolgenden QR-Code mit Ihrem Handy ein oder klicken Sie <strong><a href=\"https:\/\/bseinzelh.musin.de\/02mitte\/pruefung\/ihk_start.html\">hier<\/a><\/strong>. <\/p>\n\n\n\n<figure class=\"wp-block-image size-large\"><img decoding=\"async\" loading=\"lazy\" width=\"100\" height=\"100\" src=\"https:\/\/bseinzelh.musin.de\/mitte\/wp-content\/uploads\/2018\/10\/cGFydDIuMDAwMzA4MDYuMDYwNDA3MDFAYnMtZWhtLm11ZW5jaGVuLm11c2luLmRljsessionidA2E40E779B4CC419010C18BD5933137C-n2-e1539885568437.jpg\" alt=\"\" class=\"wp-image-1069\"\/><figcaption>QR-Code f\u00fcr den Pr\u00fcfungstrainer<\/figcaption><\/figure>\n\n\n\n<p>Die entsprechenden Zugangsdaten erhalten Sie von Ihrer Lehrkraft.<\/p>\n\n\n\n<p>Viel Erfolg f\u00fcr die Pr\u00fcfungen!<\/p>\n","protected":false},"excerpt":{"rendered":"<p>Liebe Sch\u00fclerinnen, liebe Sch\u00fcler, damit Sie bestm\u00f6glich auf die Abschlusspr\u00fcfungen vorbereitet sind haben Sie die M\u00f6glichkeit, unseren Pr\u00fcfungstrainer zu nutzen. Scannen Sie einfach den nachfolgenden QR-Code mit Ihrem Handy ein oder klicken Sie hier. Die entsprechenden Zugangsdaten erhalten Sie von Ihrer Lehrkraft. Viel Erfolg f\u00fcr die Pr\u00fcfungen!<\/p>\n","protected":false},"author":2,"featured_media":0,"parent":0,"menu_order":0,"comment_status":"closed","ping_status":"closed","template":"","meta":{"ngg_post_thumbnail":0},"_links":{"self":[{"href":"https:\/\/bseinzelh.musin.de\/mitte\/wp-json\/wp\/v2\/pages\/82127"}],"collection":[{"href":"https:\/\/bseinzelh.musin.de\/mitte\/wp-json\/wp\/v2\/pages"}],"about":[{"href":"https:\/\/bseinzelh.musin.de\/mitte\/wp-json\/wp\/v2\/types\/page"}],"author":[{"embeddable":true,"href":"https:\/\/bseinzelh.musin.de\/mitte\/wp-json\/wp\/v2\/users\/2"}],"replies":[{"embeddable":true,"href":"https:\/\/bseinzelh.musin.de\/mitte\/wp-json\/wp\/v2\/comments?post=82127"}],"version-history":[{"count":4,"href":"https:\/\/bseinzelh.musin.de\/mitte\/wp-json\/wp\/v2\/pages\/82127\/revisions"}],"predecessor-version":[{"id":269272,"href":"https:\/\/bseinzelh.musin.de\/mitte\/wp-json\/wp\/v2\/pages\/82127\/revisions\/269272"}],"wp:attachment":[{"href":"https:\/\/bseinzelh.musin.de\/mitte\/wp-json\/wp\/v2\/media?parent=82127"}],"curies":[{"name":"wp","href":"https:\/\/api.w.org\/{rel}","templated":true}]}}